7 a prime number?
True
Is 3564841 a prime number?
False
Is 1371989 prime?
True
Is 13156457 a composite number?
False
Is 25116485 prime?
False
Is 2066165 composite?
True
Is 151814941 prime?
False
Is 336029 a composite number?
False
Is 27527797 composite?
True
Is 130387181 a prime number?
False
Is 16034602 prime?
False
Is 41216951 a composite number?
True
Is 75162949 a prime number?
True
Is 100904249 prime?
True
Is 79034557 a prime number?
False
Is 2744197 a composite number?
False
Is 357037 a composite number?
True
Is 11327861 composite?
True
Is 5480641 a prime number?
False
Is 37606859 a composite number?
True
Is 3301303 a prime number?
True
Is 9226709 a composite number?
False
Is 63637199 prime?
True
Is 78167519 a composite number?
False
Is 407529679 a composite number?
True
Is 2508619 prime?
True
Is 140792461 a prime number?
True
Is 20607763 a prime number?
False
Is 19101569 prime?
False
Is 6037697 prime?
False
Is 20871187 composite?
False
Is 22629517 a composite number?
False
Is 131555003 composite?
False
Is 2859221 prime?
False
Is 41393921 composite?
False
Is 5519243 a composite number?
False
Is 16107829 a prime number?
False
Is 3103717 composite?
True
Is 14339323 composite?
False
Is 8516603 a composite number?
True
Is 293744469 composite?
True
Is 6501731 a composite number?
False
Is 2898699 prime?
False
Is 573076607 prime?
False
Is 820959127 a composite number?
False
Is 195203913 a composite number?
True
Is 1374881 a prime number?
False
Is 5720053 a prime number?
True
Is 3535237 a composite number?
False
Is 1279917673 a composite number?
True
Is 173306579 prime?
True
Is 39759197 a prime number?
True
Is 2177463413 composite?
False
Is 236191783 prime?
True
Is 1824331 prime?
True
Is 198298253 a prime number?
True
Is 99423505 a prime number?
False
Is 1740721 composite?
False
Is 66970366 a prime number?
False
Is 25353331 prime?
True
Is 2302567 composite?
True
Is 137531851 a prime number?
True
Is 87226069 a composite number?
True
Is 58408561 composite?
True
Is 6994703 a prime number?
True
Is 14691233 composite?
True
Is 13201511 composite?
False
Is 6875507 a prime number?
False
Is 168378293 prime?
True
Is 9714539 composite?
True
Is 96315337 a composite number?
False
Is 15479533 a prime number?
False
Is 1680659 a composite number?
False
Is 19660529 a composite number?
True
Is 4525693 composite?
False
Is 71475047 a composite number?
True
Is 11769691 prime?
True
Is 1190911 prime?
True
Is 6801623 a prime number?
False
Is 1222387 composite?
True
Is 1771877 a composite number?
False
Is 53167 a prime number?
False
Is 65024929 a composite number?
False
Is 393846857 composite?
False
Is 47649673 a composite number?
True
Is 40845239 a prime number?
True
Is 79016107 composite?
False
Is 1039501 a prime number?
False
Is 17897917 prime?
True
Is 117347603 prime?
True
Is 369841 a prime number?
True
Is 578991403 prime?
False
Is 625733 a prime number?
False
Is 45173257 a prime number?
False
Is 164291 prime?
True
Is 1450613 composite?
False
Is 5944717 a prime number?
False
Is 17942083 a composite number?
False
Is 3440323 a composite number?
False
Is 612439 prime?
True
Is 50188207 a prime number?
True
Is 23544845 composite?
True
Is 25707049 a composite number?
True
Is 55765841 composite?
False
Is 294941797 composite?
True
Is 125599489 a prime number?
False
Is 12730415 composite?
True
Is 244193 composite?
True
Is 13734641 a composite number?
False
Is 90531031 composite?
True
Is 412849 prime?
True
Is 10334293 composite?
False
Is 12143353 prime?
True
Is 193291339 prime?
True
Is 8585873 a composite number?
False
Is 481006 a composite number?
True
Is 22639609 a prime number?
True
Is 1576481 composite?
True
Is 3477869 composite?
False
Is 242602819 a prime number?
False
Is 1053862 a prime number?
False
Is 209745281 prime?
True
Is 12135677 composite?
False
Is 75283597 a prime number?
True
Is 4249067 composite?
False
Is 402100529 a composite number?
False
Is 4711919 prime?
True
Is 41267071 prime?
True
Is 2008935887 a composite number?
True
Is 93162469 composite?
False
Is 744701 prime?
True
Is 200539 composite?
True
Is 11223313 composite?
False
Is 1294453 composite?
False
Is 2200103 a composite number?
False
Is 23477353 composite?
False
Is 1233709 a composite number?
False
Is 227770593 a prime number?
False
Is 74363191 a composite number?
True
Is 171846571 prime?
False
Is 79594753 composite?
True
Is 1447777 prime?
True
Is 840969661 composite?
True
Is 23621567 composite?
False
Is 29123 prime?
True
Is 240956507 prime?
False
Is 39927787 a composite number?
True
Is 12370331 a composite number?
False
Is 1266451 a composite number?
False
Is 3337913 a prime number?
False
Is 2646065 a prime number?
False
Is 79373807 prime?
False
Is 276901123 a prime number?
False
Is 79721 a prime number?
False
Is 4444333 prime?
False
Is 3588379 a prime number?
True
Is 18832967 composite?
True
Is 1024441 composite?
True
Is 247064954 a prime number?
False
Is 5641801 composite?
True
Is 585163 composite?
False
Is 296148511 composite?
False
Is 269903923 prime?
True
Is 217289753 composite?
False
Is 1923049 a composite number?
False
Is 2352991 a composite number?
True
Is 55507951 composite?
False
Is 9428357 composite?
False
Is 107460679 composite?
False
Is 295531 a prime number?
False
Is 5468506 prime?
False
Is 179581555 a composite number?
True
Is 453223 prime?
False
Is 5852069 a prime number?
True
Is 17831119 a composite number?
True
Is 8325917 prime?
False
Is 158094037 a composite number?
True
Is 468273847 a prime number?
False
Is 15868793 a composite number?
False
Is 15568321 a prime number?
False
Is 25859459 prime?
True
Is 1242457 composite?
False
Is 2971061 a prime number?
False
Is 70807195 a composite number?
True
Is 2015393 prime?
True
Is 60067 prime?
False
Is 165185 a composite number?
True
Is 10809595 prime?
False
Is 1689703 a composite number?
False
Is 219641 a composite number?
True
Is 5993107 a composite number?
False
Is 28870553 prime?
True
Is 2008121 a prime number?
True
Is 4532581 a prime number?
True
Is 275251 a composite number?
False
Is 6477583 prime?
False
Is 31517851 a composite number?
False
Is 16900739 a prime number?
True
Is 7954647 a prime number?
False
Is 1770409 prime?
True
Is 19803733 prime?
True
Is 649438973 prime?
False
Is 12937299 prime?
False
Is 6696451 a composite number?
False
Is 232152523 prime?
False
Is 31074551 composite?
False
Is 4024401 a prime number?
False
Is 4625563 composite?
True
Is 17860937 a prime number?
True
Is 180109 a composite number?
True
Is 106914187 prime?
False
Is 56023691 a composite number?
False
Is 305265713 composite?
False
Is 107758957 composite?
True
Is 12792383 prime?
False
Is 2558719 composite?
False
Is 89734081 a composite number?
False
Is 8134187 a prime number?
True
Is 19192289 composite?
False
Is 426358939 a prime number?
False
Is 84446399 a composite number?
True
Is 16440359 prime?
False
Is 997358447 a prime number?
True
Is 336083147 a prime number?
True
Is 3486829 a prime number?
True
Is 4963661 prime?
False
Is 14801257 a prime number?
False
Is 645717 a prime number?
False
Is 3531851 a prime number?
False
Is 12473345 a prime number?
False
Is 275827 prime?
True
Is 606333005 a prime number?
False
Is 4682033 composite?
False
Is 1848103 composite?
False
Is 11936957 a composite number?
False
Is 70846309 a composite number?
True
Is 14871533 prime?
True
Is 2361881 a composite number?
True
Is 615207 prime?
False
Is 201931211 a prime number?
True
Is 18036127 prime?
False
Is 193163081 a composite number?
True
Is 32105849 composite?
False
Is 431773 prime?
False
Is 298364449 a composite number?
False
Is 90282593 composite?
True
Is 36406829 prime?
True
Is 5557751 prime?
True
Is 5175883 a composite number?
True
Is 22488539 composite?
False
Is 988913 composite?
True
Is 4097257 a composite number?
False
Is 7117823 prime?
True
Is 49879153 prime?
False
Is 3812899 a composite number?
False
Is 18914447 prime?
False
Is 54158149 prime?
False
Is 458863 prime?
True
Is 3557431 composite?
False
Is 38350799 prime?
False
Is 99961 composite?
False
Is 22481677 a prime number?
True
Is 260018599 prime?
False
Is 22098941 composite?
False
Is 2799281 a composite number?
False
Is 2496173 composite?
False
Is 102173 prime?
False
Is 3360991 prime?
False
Is 12351467 a prime